{"id":318,"date":"2026-03-29T11:48:54","date_gmt":"2026-03-29T11:48:54","guid":{"rendered":"https:\/\/galiba.hu\/?page_id=318"},"modified":"2026-03-29T11:48:54","modified_gmt":"2026-03-29T11:48:54","slug":"aszf","status":"publish","type":"page","link":"https:\/\/galiba.hu\/index.php\/aszf\/","title":{"rendered":"\u00c1SZF"},"content":{"rendered":"\n<p class=\"has-large-font-size\"><strong>\u00c1ltal\u00e1nos Szerz\u0151d\u00e9si Felt\u00e9telek<\/strong><\/p>\n\n\n\n<p class=\"has-medium-font-size\">A weboldalon tal\u00e1lhat\u00f3 szolg\u00e1ltat\u00e1sok \u00e9s term\u00e9kek megrendel\u00e9s\u00e9vel a felhaszn\u00e1l\u00f3 elfogadja az al\u00e1bbi felt\u00e9teleket.<\/p>\n\n\n\n<p class=\"has-medium-font-size\">Szolg\u00e1ltat\u00e1sok:<\/p>\n\n\n\n<ul class=\"wp-block-list\">\n<li>Sz\u00e1ll\u00e1sfoglal\u00e1s<\/li>\n\n\n\n<li>K\u00e9zm\u0171ves term\u00e9kek \u00e9rt\u00e9kes\u00edt\u00e9se<\/li>\n<\/ul>\n\n\n\n<p class=\"has-medium-font-size\">Fizet\u00e9s:<\/p>\n\n\n\n<ul class=\"wp-block-list\">\n<li>Banki \u00e1tutal\u00e1s \/ online fizet\u00e9s \/ k\u00e9szp\u00e9nz<\/li>\n<\/ul>\n\n\n\n<p class=\"has-medium-font-size\">El\u00e1ll\u00e1s:<\/p>\n\n\n\n<ul class=\"wp-block-list\">\n<li>Term\u00e9k eset\u00e9n a v\u00e1s\u00e1rl\u00f3 14 napon bel\u00fcl el\u00e1llhat<\/li>\n\n\n\n<li>Sz\u00e1ll\u00e1s eset\u00e9n a lemond\u00e1si felt\u00e9telek k\u00fcl\u00f6n ker\u00fclnek meghat\u00e1roz\u00e1sra<\/li>\n<\/ul>\n\n\n\n<p class=\"has-medium-font-size\">A szolg\u00e1ltat\u00f3 fenntartja a jogot a felt\u00e9telek m\u00f3dos\u00edt\u00e1s\u00e1ra.<\/p>\n","protected":false},"excerpt":{"rendered":"<p>\u00c1ltal\u00e1nos Szerz\u0151d\u00e9si Felt\u00e9telek A weboldalon tal\u00e1lhat\u00f3 szolg\u00e1ltat\u00e1sok \u00e9s term\u00e9kek megrendel\u00e9s\u00e9vel a felhaszn\u00e1l\u00f3 elfogadja az al\u00e1bbi felt\u00e9teleket. Szolg\u00e1ltat\u00e1sok: Fizet\u00e9s: El\u00e1ll\u00e1s: A [&hellip;]<\/p>\n","protected":false},"author":1,"featured_media":0,"parent":0,"menu_order":0,"comment_status":"closed","ping_status":"closed","template":"","meta":{"site-sidebar-layout":"default","site-content-layout":"","ast-site-content-layout":"default","site-content-style":"default","site-sidebar-style":"default","ast-global-header-display":"","ast-banner-title-visibility":"","ast-main-header-display":"","ast-hfb-above-header-display":"","ast-hfb-below-header-display":"","ast-hfb-mobile-header-display":"","site-post-title":"disabled","ast-breadcrumbs-content":"","ast-featured-img":"","footer-sml-layout":"","ast-disable-related-posts":"","theme-transparent-header-meta":"","adv-header-id-meta":"","stick-header-meta":"","header-above-stick-meta":"","header-main-stick-meta":"","header-below-stick-meta":"","astra-migrate-meta-layouts":"default","ast-page-background-enabled":"default","ast-page-background-meta":{"desktop":{"background-color":"var(--ast-global-color-5)","background-image":"","background-repeat":"repeat","background-position":"center center","background-size":"auto","background-attachment":"scroll","background-type":"","background-media":"","overlay-type":"","overlay-color":"","overlay-opacity":"","overlay-gradient":""},"tablet":{"background-color":"","background-image":"","background-repeat":"repeat","background-position":"center center","background-size":"auto","background-attachment":"scroll","background-type":"","background-media":"","overlay-type":"","overlay-color":"","overlay-opacity":"","overlay-gradient":""},"mobile":{"background-color":"","background-image":"","background-repeat":"repeat","background-position":"center center","background-size":"auto","background-attachment":"scroll","background-type":"","background-media":"","overlay-type":"","overlay-color":"","overlay-opacity":"","overlay-gradient":""}},"ast-content-background-meta":{"desktop":{"background-color":"var(--ast-global-color-4)","background-image":"","background-repeat":"repeat","background-position":"center center","background-size":"auto","background-attachment":"scroll","background-type":"","background-media":"","overlay-type":"","overlay-color":"","overlay-opacity":"","overlay-gradient":""},"tablet":{"background-color":"var(--ast-global-color-4)","background-image":"","background-repeat":"repeat","background-position":"center center","background-size":"auto","background-attachment":"scroll","background-type":"","background-media":"","overlay-type":"","overlay-color":"","overlay-opacity":"","overlay-gradient":""},"mobile":{"background-color":"var(--ast-global-color-4)","background-image":"","background-repeat":"repeat","background-position":"center center","background-size":"auto","background-attachment":"scroll","background-type":"","background-media":"","overlay-type":"","overlay-color":"","overlay-opacity":"","overlay-gradient":""}},"footnotes":""},"class_list":["post-318","page","type-page","status-publish","hentry"],"_links":{"self":[{"href":"https:\/\/galiba.hu\/index.php\/wp-json\/wp\/v2\/pages\/318","targetHints":{"allow":["GET"]}}],"collection":[{"href":"https:\/\/galiba.hu\/index.php\/wp-json\/wp\/v2\/pages"}],"about":[{"href":"https:\/\/galiba.hu\/index.php\/wp-json\/wp\/v2\/types\/page"}],"author":[{"embeddable":true,"href":"https:\/\/galiba.hu\/index.php\/wp-json\/wp\/v2\/users\/1"}],"replies":[{"embeddable":true,"href":"https:\/\/galiba.hu\/index.php\/wp-json\/wp\/v2\/comments?post=318"}],"version-history":[{"count":1,"href":"https:\/\/galiba.hu\/index.php\/wp-json\/wp\/v2\/pages\/318\/revisions"}],"predecessor-version":[{"id":319,"href":"https:\/\/galiba.hu\/index.php\/wp-json\/wp\/v2\/pages\/318\/revisions\/319"}],"wp:attachment":[{"href":"https:\/\/galiba.hu\/index.php\/wp-json\/wp\/v2\/media?parent=318"}],"curies":[{"name":"wp","href":"https:\/\/api.w.org\/{rel}","templated":true}]}}